Determine n(3).
-10
Let w(v) = -v**3 - 56*v**2 - 108*v - 20. Calculate w(-54).
-20
Let y(d) = 2*d**2 + 4*d - 15. Give y(-7).
55
Let s(k) = k**2 - 6*k - 3. What is s(7)?
4
Let m(p) = -p**3 - 37*p**2 - 70*p - 6. Give m(-35).
-6
Let p(s) = 8*s - 9. Calculate p(2).
7
Let z(t) = -t**2 + 17*t - 11. Calculate z(22).
-121
Let q(m) = -m**3 - 10*m**2 + 4*m + 21. Calculate q(-7).
-154
Let x(i) = -i**2 - 6*i - 8. What is x(-12)?
-80
Let t(l) = -l**2 + 8*l - 1. Calculate t(8).
-1
Let s(x) = x**2 + 4*x - 19. Determine s(-6).
-7
Let i(a) = a**2 + 9*a + 5. What is i(-8)?
-3
Let c(k) = -11*k**3 - 3*k**2 - 5*k - 1. What is c(-2)?
85
Let n(u) = u**2 + 18*u + 14. Give n(-19).
33
Let z(d) = -d**3 - 3*d**2 + 5*d + 18. Determine z(-3).
3
Let q(r) = -60*r - 6. What is q(1)?
-66
Let o(y) = 4*y - 2. Determine o(7).
26
Let d(l) = -l**3 - 4*l**2 - 3*l. What is d(-3)?
0
Let i(k) = k**2 + 16*k - 23. Calculate i(-19).
34
Let w(h) = 11*h + 19. Give w(-6).
-47
Let y(o) = 2*o + 18. Calculate y(-8).
2
Let h(r) = 21*r**2 + r + 1. What is h(1)?
23
Let w(k) = -6*k + 1. Calculate w(0).
1
Let f(h) = h**3 + h**2 + h - 16. Calculate f(0).
-16
Let s(d) = d**2 + 4*d - 19. Calculate s(-8).
13
Let c(o) = o - 1. Calculate c(15).
14
Let k(i) = 2*i**2 + 23*i - 25. Give k(-13).
14
Let g(r) = 6*r**2 - 4*r + 4. Determine g(4).
84
Let l(k) = k**2 - 12*k + 10. Give l(8).
-22
Let x(o) = -o**3 - 14*o**2 - 16*o - 18. Give x(-13).
21
Let l(y) = -5*y - 40. Give l(-6).
-10
Let a(y) = -3*y**2 - 11*y - 10. Calculate a(-4).
-14
Let c(w) = -5*w + 9. Give c(4).
-11
Let c(n) = 5*n + 122. Give c(-24).
2
Let a(d) = d**2 + 8*d + 17. Give a(-3).
2
Let s(y) = 29*y - 185. What is s(7)?
18
Let m(k) = k**3 + 14*k**2 + 40*k - 4. What is m(-10)?
-4
Let r(v) = 2*v - 3. Calculate r(6).
9
Let y(f) = -f**3 + 5*f**2 - 5*f - 7. What is y(5)?
-32
Let v(z) = -z**2 - 2*z + 5. Calculate v(-4).
-3
Let i(j) = -j**2 + 7*j - 30. Calculate i(3).
-18
Let n(t) = -t**2 + 43*t + 77. Determine n(45).
-13
Let n(t) = -24*t + 91. Determine n(4).
-5
Let f(c) = 7*c - 16. Determine f(2).
-2
Let y(h) = -h**3 - 7*h**2 + 8*h + 4. Give y(-8).
4
Let b(p) = p**3 - 5*p**2 + 2*p - 23. What is b(6)?
25
Let t(r) = -2*r**3 + 2*r**2 - 6*r - 14. Give t(-2).
22
Let k(b) = 2*b**3 + 95*b**2 - 49*b - 47. What is k(-48)?
1
Let r(f) = 3*f**3 - 29*f**2 + 15*f - 11. Give r(9).
-38
Let i(t) = 2*t**2 + 9*t + 12. Give i(-5).
17
Let b(x) = -2*x**3 - 20*x**2 + 26*x + 23. Determine b(-11).
-21
Let g(a) = -4*a**2 + a - 1. Give g(-2).
-19
Let i(q) = 3*q + 1. Determine i(7).
22
Let h(d) = 4*d**2 - 18*d + 6. Determine h(3).
-12
Let r(k) = 3*k - 31. What is r(7)?
-10
Let y(x) = -16*x**2 + x. Determine y(1).
-15
Let g(c) = c**2 - 15*c - 13. What is g(16)?
3
Let u(m) = -m**3 - 4*m**2 + 10*m - 1. What is u(-7)?
76
Let i(y) = y + 1. Calculate i(-29).
-28
Let v(s) = s**2 - 2*s + 14. Calculate v(0).
14
Let i(g) = g + 24. Determine i(-10).
14
Let b(n) = -4*n**2 + 3*n - 6. Give b(-4).
-82
Let g(q) = -q**3 + 2*q**2 + 2. Determine g(2).
2
Let p(u) = 15*u**2. Determine p(-2).
60
Let b(p) = -p**2 - 8*p - 11. Give b(-3).
4
Let n(u) = u**2 + 5*u - 4. Determine n(-6).
2
Let h(b) = 5*b - 15. Determine h(2).
-5
Let y(i) = i**3 + 6*i**2 - i - 2. What is y(-6)?
4
Let t(i) = i**2 - 10*i + 9. Determine t(9).
0
Let k(b) = 2*b**2 + 16*b + 21. Calculate k(-6).
-3
Let f(i) = -i**3 + 10*i**2 - 9*i + 6. Calculate f(9).
6
Let j(i) = -i**2 + 33*i + 25. Determine j(34).
-9
Let x(l) = 16*l. What is x(3)?
48
Let w(p) = -2*p**3 - 15*p**2 - 16*p - 21. What is w(-7)?
42
Let l(f) = 2*f**2 + 12*f + 12. Determine l(5).
122
Let m(w) = -59*w - 2. Give m(-2).
116
Let x(k) = 15*k + 702. What is x(-47)?
-3
Let t(y) = -y**2 - 10*y + 9. What is t(-8)?
25
Let l(j) = -8*j**2 + 18*j + 2. What is l(3)?
-16
Let g(h) = h - 3. What is g(4)?
1
Let j(m) = m + 2. Give j(-10).
-8
Let h(w) = -6*w + 49. Calculate h(8).
1
Let q(m) = -2*m**3 - m**2 + 4. What is q(-2)?
16
Let a(j) = -8*j**3 + 3*j**2 - 1. Calculate a(2).
-53
Let s(v) = -17*v - 62. Give s(-4).
6
Let x(v) = v**2 + 9*v + 5. Give x(-6).
-13
Let g(y) = -10*y + 10. What is g(3)?
-20
Let l(g) = -g**2 + 8*g + 7. Give l(10).
-13
Let v(h) = -2*h**3 - 68*h**2 + 71*h + 37. What is v(-35)?
2
Let s(h) = h + 1. Give s(8).
9
Let o(l) = -2*l**2 - 23*l + 28. Give o(-12).
16
Let z(s) = 10*s - 55. What is z(6)?
5
Let s(q) = 5*q**2 + 7*q - 17. Calculate s(-4).
35
Let n(p) = p**2 - 38. What is n(6)?
-2
Let l(s) = s**3 + 5*s**2 + s - 1. Determine l(-5).
-6
Let o(i) = -8*i - 45. Determine o(5).
-85
Let o(s) = 17*s**2 - 1. Calculate o(-1).
16
Let p(k) = k**3 - 21*k**2 + 40*k - 23. Give p(19).
15
Let z(u) = 95*u + 761. Determine z(-8).
1
Let i(d) = d**2 - 23*d - 29. What is i(24)?
-5
Let h(x) = -x**2 - 5*x - 3. Calculate h(-7).
-17
Let v(o) = -o - 4. Determine v(1).
-5
Let i(p) = -51*p + 11. Give i(1).
-40
Let m(c) = 2*c**3 + 38*c**2 + 66*c - 41. Calculate m(-17).
-7
Let g(c) = -5*c - 27. Calculate g(-24).
93
Let y(f) = -6*f - 13. Calculate y(-4).
11
Let l(t) = 3*t**3 - t**2 - 9*t - 10. Determine l(-1).
-5
Let n(k) = k**3 - 9*k**2 + 5*k - 9. Give n(9).
36
Let d(o) = 3*o**2 - 7. Give d(-4).
41
Let j(s) = 31*s + 55. What is j(-2)?
-7
Let t(r) = -r**3 + 40*r**2 + 85*r - 90. Calculate t(42).
-48
Let j(c) = -c**3 - 20*c**2 - 65*c - 240. Give j(-17).
-2
Let z(x) = -2*x**3 + 16*x**2 + 20*x - 11. Determine z(9).
7
Let w(f) = -f**2 + 9*f + 13. What is w(9)?
13
Let r(v) = -v**3 + 23*v**2 + 2*v + 8. Determine r(23).
54
Let w(g) = -g - 2. Determine w(-3).
1
Let p(y) = 5*y + 47. Determine p(-11).
-8
Let z(f) = f**3 + f**2 + f - 10. Give z(0).
-10
Let j(g) = g**3 + 10*g**2 + 9*g + 4. Determine j(-9).
4
Let d(j) = -j**2 - 12*j - 13. Calculate d(-13).
-26
Let u(s) = -s**3 - 9*s**2 - 11*s - 8. Determine u(-5).
-53
Let o(n) = -n - 2. Calculate o(6).
-8
Let v(b) = b**2 - 7*b + 5. Determine v(4).
-7
Let g(o) = 2*o**2 + 3*o - 11. Calculate g(-3).
-2
Let m(v) = v**2 - 8*v - 28. Give m(12).
20
Let s(i) = -i**2 - 23*i + 29. Give s(-24).
5
Let i(k) = -2*k**2 - 19*k + 6. Calculate i(-9).
15
Let a(x) = x**2 + 12*x + 24. What is a(-11)?
13
Let n(h) = h**2 + 4*h + 12. What is n(-11)?
89
Let r(q) = 3*q - 26. Give r(6).
-8
Let g(v) = -v**3 - 13*v**2 + 10*v + 140. Give g(-13).
10
Let r(x) = -x**3 - x**2 - 8. Determine r(0).
-8
Let x(t) = -2*t + 23. What is x(-7)?
37
Let p(j) = -4*j + 4. Determine p(0).
4
Let v(w) = 3*w**2 - 21*w - 26. What is v(8)?
-2
Let w(r) = 25*r - 326. Give w(13).
-1
Let j(n) = -n**2 + 3*n + 6. Give j(5).
-4
Let i(z) = 6*z**2 + 56*z + 23. What is i(-9)?
5
Let f(n) = n**2 + 2*n - 11. Determine f(-5).
4
Let p(a) = 3*a - 184. Give p(57).
-13
Let x(f) = 20*f - 7. Calculate x(2).
33
Let r(i) = i**2 - 7*i - 61. Give r(14).
37
Let y(k) = 11*k**3. Calculate y(1).
11
Let q(t) = -3*t**2 + 12*t - 13. What is q(4)?
-13
Let g(s) = s**2 - 10*s + 112. What is g(0)?
112
Let b(d) = d**3 - 16*d**2 + 22*d - 36. Determine b(15).
69
Let w(x) = 2*x**2 + 16*x - 5. What is w(-8)?
-5
Let w(h) = -h**3 - 16*h**2 - 31*h + 5. Calculate w(-14).
47
Let s(l) = l**3 + 15*l**2 + 20*l + 43. Determine s(-14).
-41
Let m(g) = 9*g - 9. Calculate m(5).
36
Let b(x) = 9*x - 13. Determine b(1).
-4
Let j(g) = -2*g**3 - 5*g**2 + 2*g - 1. Calculate j(-4).
39
Let d(s) = s - 7. Calculate d(5).
-2
Let k(z) = 2*z**3 - 4*z - 5. What is k(-2)?
-13
Let o(r) = -9*r - 210. Determine o(-23).
-3
Let c(z) = -z**2 + z + 70. Give c(0).
70
Let q(v) = -2*v**3 + 6*v**2 - 8*v + 2. Determine q(2).
-6
Let y(z) = 2*z - 36. Give y(12).
-12
Let j(h) = 66*h - 389. Calculate j(6).
7
Let t(x) = x**2 + 15*x + 55. Calculate t(-10).
5
Let c(d) = 3*d**2 + 7*d - 11. Determine c(-6).
55
Let b(p) = -p**2 + 9*p + 146. What is b(17)?
10
Let i(g) = 35*g**3 - g**2 + 3*g - 1. What is i(1)?
36
Let f(l) = 22*l - 4. What is f(1)?
18
Let k(i) = -i**2 + 10*i - 21. What is k(7)?
0
Let c(l) = -l + 3. Give c(0).
3
Let m(u) = -19*u + 95. Give m(5).
0
Let w(q) = q**2 - 3*q - 5. What is w(7)?
23
Let n(z) = z**3 + 54*z**2 - 8*z - 435. Calculate n(-54).
-3
Let s(g) = 3*g**3 + 4*g + 3. Determine s(-2).
-29
Let m(z) = -2*z**2 + 10*z + 11. Calculate m(-2).
-17
Let s(j) = -3*j - 119. What is s(-25)?
-44
Let o(v) = -v**3 + 6*v**2 + 4*v - 6. Determine o(6).
18
Let v(d) = d**3 - 7*d**2 + 9*d - 15. What is v(6)?
3
Let t(r) = -8*r + 114. What is t(10)?
34
Let x(p) = -2*p + 13. Calculate x(6).
1
Let l(p)